**3 - 3*l**2 - 5*l + 4. Suppose 0 = -5*p, 2*j + 5*p + 12 = 6*j. Determine q(j).
16
Let c(s) = s. Let m(f) = -f. Let v(n) = -2*c(n) - 3*m(n). Let k be v(2). Let x(q) = q**2 + 6 - k*q**2 - 2 - 4*q. Calculate x(-4).
4
Let u(d) = -4*d + d - 3 + 4*d + 0. Calculate u(4).
1
Let m(z) = z**2 - 3*z - 2. Let l = 12 + -9. Suppose -2 - 4 = -l*v. Calculate m(v).
-4
Let n(j) = j - 3. Let a be n(5). Let l(u) = -u**3 + 4*u**2 + 4*u + 6. Let r be l(5). Suppose a*x - x = -r. Let m(s) = -4*s**3 + s. Give m(x).
3
Let l(z) = -3*z**2 + 0*z**3 + 2*z + z**3 - 2*z**3. Suppose -g = 4*k, k - 6*k + 7 = 3*g. Suppose q + g - 1 = 0. Determine l(q).
-6
Let g(p) be the first derivative of -2 + 3*p**2 + 3*p - 5/3*p**3 - 1/4*p**4. Let a be (-1)/2 - (0 - (-11)/2). Determine g(a).
3
Suppose 6*b = 3*b + 4*h + 8, -h - 2 = 2*b. Let d = 3 + -1. Let k(o) = -o - o - o**d + o + 2. What is k(b)?
2
Suppose 2*m = -5*s + 4 + 24, -m + 4*s = 12. Let h(j) = 7*j - 4 + m + 1. Determine h(1).
8
Let t(o) = -2*o + 7. Suppose -11 = b - 4*n, -b + 12 = 2*n - 1. Let c be t(b). Let u(r) = 2*r + 3. What is u(c)?
-3
Let s(t) = 5*t**3 + t**2 + 3. Let u(i) = i**3 + i - 1. Let j(f) = s(f) + 2*u(f). Let q(y) = y + 11. Let h be q(-12). Calculate j(h).
-7
Let y = 18 + -23. Let j(b) = 3*b + 3. Let s(p) = -2*p - 6. Let k(n) = -1. Let i(a) = -5*k(a) + s(a). Let r(d) = y*i(d) - 2*j(d). What is r(1)?
3
Let a(l) be the second derivative of 0 - 1/60*l**5 + 1/2*l**2 + 0*l**3 + 0*l**4 + l. Let x(u) be the first derivative of a(u). Give x(-1).
-1
Let d = 12 - 17. Let l(k) = -20*k - 4. Let p(g) = -7*g - 1. Let r(o) = -6*l(o) + 17*p(o). What is r(d)?
2
Let r(k) = -3*k - 4. Let j be (2/(-6))/((-4)/12). Suppose 3*x + 11 = -4. Let o = j + x. Give r(o).
8
Suppose 0*z = -2*z + 3*b - 6, -2*b = z + 10. Suppose -2*m - 1 = -5. Let t(r) = -9 + 4*r - r**3 - 12*r - 7*r**m + 0*r**3. Give t(z).
3
Suppose 3*y + 3*i = -3, -3*y + i + i = -22. Suppose -5 = y*t + t. Let v(o) = -5*o**2 - 4*o. Let u(s) = 11*s**2 + 9*s. Let m(b) = 3*u(b) + 7*v(b). Give m(t).
-1
Let l(c) = -47*c**2 + 48*c**2 - c + 3*c - c. Let x = -2 - -1. Give l(x).
0
Let h(w) = 0*w - 1 - w - 18*w**2 + w. What is h(1)?
-19
Let o(l) = l**2 - l. Let n(b) = -7*b**2. Let c(t) = -n(t) + o(t). Let p = 56 + -55. Give c(p).
7
Let b(h) = -h**2 - h + 2. Let f = -25 + 25. What is b(f)?
2
Let i(w) = -w**2 - w + 3. Suppose 5*a + 3 = -4*z, -5*a - 3*z = 2*z. Calculate i(a).
-3
Let m = 10 - 18. Let t(y) = y + 14. What is t(m)?
6
Let o(i) = -5*i**2 + 5*i - 7. Let v(q) = 4*q**2 - 6*q + 6. Let r(h) = -3*o(h) - 4*v(h). Determine r(6).
15
Let u(i) = 5*i**3 - i**2 - i - 3. Let b(l) = -l**3 + 10*l**3 - 2*l - 2*l**2 - 2 - 1 - 4. Let p(v) = -3*b(v) + 7*u(v). What is p(-1)?
-8
Let z = 51 - 48. Let n(i) be the first derivative of -z*i**2 - 1/3*i**3 + 2*i - 3. What is n(-6)?
2
Suppose 2*m + z = 6*m + 28, -14 = 3*m + z. Let x(j) = -3 + 10 - 2*j**2 + 3*j - 4*j**2 - j**3. Calculate x(m).
-11
Let o(m) = -8*m. Suppose 24*c = 15*c + 9. Calculate o(c).
-8
Let v(a) = a**2 + 3 + 4*a + 2 - 2. Suppose 6 = -4*w + 30. Let k = -8 + w. Determine v(k).
-1
Let p = 25 - 16. Let r(s) = -s**3 + 9*s**2 - 5. Let m be r(p). Let b(k) be the third derivative of -k**6/120 - k**5/15 + k**4/6 - k**3 + k**2. What is b(m)?
-1
Suppose 6 = 4*z - 2. Suppose -o - 10 = z*b, 3*b + 10 = -o + 2*o. Let u(q) = -4*q. Let m(p) = -4*p. Let t(g) = 4*m(g) - 3*u(g). Calculate t(o).
8
Let r be 0 + -1 - (-2)/1. Let t(p) = -1 - 4*p**2 - r + 3 + 3 - p**3. Calculate t(-4).
4
Suppose -2 = -4*h + 2. Let m(f) be the second derivative of f**3/2 + f**2/2 - f. Determine m(h).
4
Let t(d) be the third derivative of -3*d**2 - 1/6*d**3 + 0*d - 1/120*d**5 + 1/6*d**4 + 0. Let q(p) be the first derivative of t(p). Calculate q(5).
-1
Let f(w) = 19*w - w**2 + 2*w**2 + 2 - 14*w. Give f(-3).
-4
Let y be 6*(8/(-6))/(-4). Let k = y + 2. Let g(d) = 2*d - 6. Let f(x) = -x - 1. Let j(i) = -2*f(i) + g(i). What is j(k)?
12
Suppose p - 20 = -4*p. Let f be 2/(-4)*(2 + -8). Let r(g) = f + 1 - 5 + p*g. Determine r(2).
7
Let s(q) = q**3 - q**2. Let j(m) = -4*m**3 + 13*m**2 - 10*m - 9. Let o(z) = j(z) + 5*s(z). Let n be o(-9). Let v(k) = k - 1 + 3 - 1. What is v(n)?
1
Let v(i) = -i**3 - 24 + 4*i**2 - 26 + 4*i + 45 - 6*i. Determine v(4).
-13
Let q(u) = -7*u**3 + 6*u**2 + 8*u + 3. Let j(w) = 10*w**3 - 9*w**2 - 12*w - 4. Suppose 2*x - 6 - 4 = 0. Let l(o) = x*j(o) + 7*q(o). Calculate l(4).
1
Let u(n) = -n**2 + 3*n - 1. Let f be u(3). Let a(k) be the first derivative of -k - 3/2*k**2 - 6. What is a(f)?
2
Let f be (-4)/(-2) + 1 + -2. Let m = 3 - f. Let u(k) = k + 6 + 0 - m. What is u(-3)?
1
Suppose 3*k = -0*v - 4*v + 30, 4*v + 2*k = 32. Let j(m) = -m**2 + 10*m - 11. Calculate j(v).
-2
Let l(c) be the first derivative of -c**4/4 + c**2 - c + 10. What is l(-2)?
3
Suppose 3*a - 1 = 17. Let u(m) = m + 6. What is u(a)?
12
Let f be 6/(-4)*(-10)/(-15). Let g = f - -4. Suppose 0 = -g*v - 9 + 3. Let a(w) = 5*w. Calculate a(v).
-10
Let k(t) = -t**3 + 3*t**2 - t - 2. Let f be -3*(-1)/(2/2). What is k(f)?
-5
Let g(t) = -1 + 7 + 5*t - 4*t. Let w be g(-8). Let z(j) = 2*j**2 - 3*j - 3. Determine z(w).
11
Let b(p) be the second derivative of 0*p**3 + 0*p**2 - 1/180*p**6 + 1/3*p**4 + 0 - 1/40*p**5 - 2*p. Let u(z) be the third derivative of b(z). Determine u(-2).
5
Let r(z) be the first derivative of z**2 + 2*z - 21. Give r(2).
6
Let u(y) be the first derivative of -y**2/2 - 9*y + 2. Calculate u(0).
-9
Let y = 9 - 7. Let a(j) = -9*j + 2. Calculate a(y).
-16
Let y be 2 + 0 - (-2)/(-2). Let k be 1/(6/(-4) - -2). Let z(v) = -3*v + 11*v**3 - v**2 + k*v + v**2. Give z(y).
10
Let u(t) = t**3 + t**2 + 2*t + 2. Let j be (4/4)/(2/6). Suppose j*d + 9 = 2*d. Let x be (-12)/d*3/(-2). Calculate u(x).
-6
Let a(v) = -2*v - 6. Let s(q) = 3*q + 13. Let n(f) = 5*a(f) + 3*s(f). Give n(6).
3
Let i = -24 + 29. Let y(c) = -13*c**3 - i*c + 3*c + 0*c + 7*c**3 - 1 - 2*c**2. What is y(-1)?
5
Let v = -5 + -1. Let j(i) = -i**2 - 4*i + 7. Determine j(v).
-5
Let d be 0 - -1 - (0 + 0). Let z(j) = -8*j + 9. Let c(y) = 95*y - 105. Let m(b) = 6*c(b) + 70*z(b). What is m(d)?
10
Let s(j) be the first derivative of j**4/4 + 5*j**3/3 + j**2 + 7*j - 1. Suppose -4*m - 4*d = -0*m - 52, 3*m - 4*d = 11. Suppose m = -4*p - 11. Calculate s(p).
-3
Let z(u) = -2*u**2 + u - 1. Suppose 5*s + d = 69, 4*s + 2*d - 39 = 15. Let w = 21 - s. Let c be 0/w - (1 + -3). Give z(c).
-7
Let b be 33 + 0 - (-16 - -17). Let l be 5*(b/(-10) + 3). Let p(w) = 5*w + 1. Give p(l).
-4
Let f be ((-4 - -4)/(-4))/(-1). Suppose 13*h - 15*h + 6 = f. Let d(j) = -j**3 + 5*j**2 - 3*j - 1. Determine d(h).
8
Let m be 1/1 - 165/(-11). Let v = m + -14. Let k(z) = -z + 4. Calculate k(v).
2
Let z(f) be the first derivative of 3 + 10/3*f**3 - f + 0*f**2. Give z(-1).
9
Let q be (-34 + 35)*(-8)/2. Let g(v) = -v**3 - 4*v**2 - 3*v - 6. What is g(q)?
6
Let l = -6 - -10. Let g(o) = -5*o + 2*o - o + 1 + 2*o. Let y(m) = m. Let u(c) = -4*g(c) - 7*y(c). What is u(l)?
0
Let r(l) be the second derivative of -l**4/12 + l**3/6 - l**2/2 + l. Let q(j) = -1. Let y(w) = -4*q(w) + r(w). Let c = 0 - -3. Give y(c).
-3
Suppose 2*j - 8*v = -3*v + 7, 3*v - 11 = 5*j. Let z(a) = 3*a + 1 - a + 4. Calculate z(j).
-3
Suppose -r - 4*r = 5. Let v(w) = -w**2 + 2*w + 1. What is v(r)?
-2
Suppose 0 - 9 = -3*n. Suppose i = l - 6, i + 3*l - 1 = -n. Let a(g) be the first derivative of g**3/3 + 3*g**2 + 4*g - 28. Determine a(i).
-1
Suppose 2*y + 1 = -0*t - t, 3*t = 15. Let d(v) be the third derivative of 1/15*v**5 + 1/12*v**4 + 0*v + 1/120*v**6 - 1/2*v**3 + v**2 + 0. Determine d(y).
0
Let f(x) = -x**2 + 4*x + 8. Suppose 7 = 2*h - r, 2*h - 4*r = -h - 2. Give f(h).
-4
Let d(s) = s**2 + s - 2. Let o(b) = b**2 + 2*b - 1. Let q(k) = 2*d(k) - 3*o(k). What is q(-3)?
2
Let v(g) = -g**3 + 2*g**2 + 4*g - 7. Let b be v(3). Let y(h) be the third derivative of h**4/24 + 3*h**3/2 - h**2. Calculate y(b).
5
Let j(q) = q + 5. Suppose -a + 3 - 2 = 0. Let g(t) = -4*t. Let z be g(a). Calculate j(z).
1
Suppose 2*x = -s + 8, -4*x + 0 = -2*s - 8. Suppose 16 = 3*g - s. Suppose 5 = g*o - o. Let z(u) = -6*u**3 + 2*u**2 - 1. What is z(o)?
-5
Let z(n) be the third derivative of -n**4/24 - n**3/6 + 17*n**2. Give z(6).
-7
Let s be (11 + -15)/(1*1/(-1)). Let d(t) = -t**2 + 2*t - 1. Calculate d(s).
-9
Let h(z) = -6*z + 5. Let k(d) = 1 - 2*d + 8*d - 4 - 1. Le